k be 1/(-3) - (-416)/24. Suppose -2*x + 4*r = -72, 8*r - 3*r - 63 = -2*x. What is the greatest common divisor of k and x?
17
Suppose -l - d = -11, 5*l - 2*d = -0*l + 27. Suppose 4*f = l*f - 45. Let b = 78 - 3. What is the greatest common factor of f and b?
15
Suppose -2*k + 4 = -8. Let i be (15/3)/(-10)*(-10 + -8). Calculate the greatest common divisor of k and i.
3
Let l(p) = 18*p + 15. Let u be l(5). What is the greatest common factor of u and 35?
35
Let w(q) = -2*q - 3. Let s be w(-3). What is the greatest common factor of 12 and s?
3
Suppose -m + 5*q + 75 = 0, 0 = m + q - 25 - 20. What is the greatest common factor of m and 10?
10
Suppose -4*l + 96 - 16 = 0. Suppose -5*u + 3*y = -75, -4*u + l = -2*y - 38. Calculate the highest common factor of 18 and u.
6
Let p(n) = -n + 14. Let s be p(5). Suppose 4*b + s = 7*b. Suppose -5*w + 28 = 4*a - 3*a, 0 = -4*a - 2*w + 22. Calculate the greatest common factor of a and b.
3
Let n(m) = -m. Let z be n(-6). Calculate the greatest common divisor of 30 and z.
6
Let n be (1/3)/(4/24). Let f(i) = 10 + 4 + 0*i**3 + i**3 + 10*i**2 + 0*i**n. Let l be f(-10). What is the highest common divisor of 14 and l?
14
Let i = 251 + -131. What is the greatest common divisor of i and 48?
24
Suppose 2*v - 9 = 1, 4*x - 2*v = 66. Let k be (-4)/(-26) - 24178/(-182). Calculate the greatest common factor of k and x.
19
Let z(b) = b**2 + b + 9. Let a be z(0). Calculate the greatest common factor of a and 99.
9
Let l be (-2)/9 - (-398)/9. Suppose -4*o - 5*i + 22 = 0, -o + i = -4*i + 7. Suppose y = -o*y + l. What is the highest common divisor of y and 77?
11
Let u = -6 + 17. Suppose j - 2 - 119 = 0. Calculate the highest common divisor of u and j.
11
Suppose 10 = 4*k - 150. Let g = 16 + k. Calculate the highest common divisor of g and 7.
7
Let l(w) = w**2 + 2*w + 1. Let v be l(-1). Let p = 5 + v. Suppose -p*u + 320 = 4*z, 4*z + 88 = u - 0*u. What is the highest common factor of u and 17?
17
Let g = 15 - 10. Let s(m) = -m**2 - 9*m - 6. Let x be s(-10). Let j = x - -17. Calculate the highest common factor of j and g.
1
Let b = 34 - 20. Let t be (-4)/b + (-158)/(-14). Calculate the greatest common divisor of 88 and t.
11
Suppose -194 - 178 = -3*n. Let o = -88 + n. Let j(k) = -k**3 + 10*k**2 - 6*k - 5. Let z be j(5). What is the highest common divisor of z and o?
18
Let r(c) = 5*c + 9. Let u be r(6). What is the highest common divisor of 13 and u?
13
Suppose 0 = -3*x + 12, -2*b - 84 = -6*b + 3*x. What is the greatest common divisor of b and 32?
8
Let x = 106 - 76. Suppose -6*c + 3*c = -5*y - 61, -4*y + 16 = 3*c. What is the greatest common factor of x and c?
6
Suppose 4*y + 14 = 2*u, 3*y + 3*u + 0*u = -6. Let k be (-85)/y + (-1)/3. Suppose 45*x = 49*x - 16. What is the highest common divisor of k and x?
4
Suppose -125 = -4*c - 5*b, 4*c + 0*b = -3*b + 123. Calculate the highest common divisor of 75 and c.
15
Suppose v = 2*b + 7, -3*b + 17 = 2*v - 32. Let s be (0 - 2)/(8/20). Let f = v + s. Calculate the highest common factor of 6 and f.
6
Suppose -253 = 8*y - 685. Calculate the highest common factor of y and 18.
18
Let l = 132 - 33. Let v = -6 + -11. Let x = v - -26. What is the highest common divisor of l and x?
9
Suppose h = 4*t + 26, 3*t - t = 5*h - 166. Calculate the highest common divisor of 85 and h.
17
Let c(q) = q**2 - q. Let s be c(-9). Calculate the greatest common factor of s and 18.
18
Suppose -t = t - 20. Suppose -2*n + 4*n - 7 = -q, -5*q = 3*n. What is the greatest common divisor of t and n?
5
Suppose 0 = -5*r + 15, 2*x + 2*x + 653 = 3*r. Let l = x - -273. What is the highest common divisor of l and 14?
14
Suppose -6*j + 5*j + 10 = 0. What is the highest common factor of 90 and j?
10
Suppose -3*q + 3*s - 6*s = -504, -s - 672 = -4*q. Calculate the highest common divisor of q and 24.
24
Suppose -3*u - 1 = -22. Let h = u + -4. Suppose -i - 4*q = -133, h*i + 4*q - 254 = i. Calculate the greatest common divisor of 11 and i.
11
Let l(d) = -2*d - 6. Let m(n) = -n - 3. Let a(y) = 3*l(y) - 5*m(y). Let f be (2/4 - -2)*-2. Let h be a(f). What is the greatest common factor of h and 2?
2
Suppose 2*t = 5*m - 1, -3*t + 2 = -t - 2*m. Calculate the highest common divisor of 34 and t.
2
Let b be 4*4 - (1 - -2). Let s(k) = 3*k**3 + 2*k**2 - 2*k - 2. Let y be s(2). Calculate the greatest common factor of y and b.
13
Let n be (-2 - -1) + (-217)/(-7). Suppose 0*f + f = n. What is the highest common divisor of f and 6?
6
Let v be (-1)/(-2 + 3)*(12 + -13). What is the highest common divisor of 9 and v?
1
Let a be -1*(0 - 0 - -8). Let z be (a/10)/((-2)/25). Let b be (4/z)/(2/50). What is the highest common divisor of b and 4?
2
Let y = 29 + -26. Calculate the highest common factor of y and 12.
3
Suppose -3*r + 21 - 3 = 3*m, m = -3*r + 6. Let a(y) = y**3 - 7*y**2 + 8*y - 6. Let h be a(m). What is the greatest common factor of h and 24?
6
Let g(y) = -y - 5. Let z be g(-7). Suppose u - 12 = -3*i, 2*i = -3*u - z*i + 46. Calculate the highest common divisor of u and 198.
18
Suppose 56 = 6*a - 160. What is the greatest common divisor of 4 and a?
4
Let g be ((-51)/(-6))/((-3)/(-6)). What is the highest common factor of g and 153?
17
Suppose -2*z - 10 = -34. Calculate the highest common factor of 24 and z.
12
Let j be 48 + (1 - 0/1). Suppose g = 5*g - 28. What is the greatest common divisor of j and g?
7
Let r(d) = 2*d**3 - 4*d + 3. Suppose -i - 3*c + 3 = -12, -i - 17 = -5*c. Let n be r(i). What is the greatest common factor of 15 and n?
15
Let l(p) = p**3 + 3*p**2 - 6*p - 5. Let j be l(5). Calculate the greatest common divisor of j and 66.
33
Suppose 36 = 7*a - a. Calculate the highest common divisor of a and 48.
6
Suppose 5*b + 4 - 14 = 0. Suppose -3*o - 3*u + 51 - 6 = 0, o + b*u = 11. What is the greatest common divisor of 95 and o?
19
Let a(v) = -v**2 + 9*v - 5. Let u(h) = -5*h**2 + 4*h**2 + 3*h + h**3 - 7*h. Let q be u(3). Let z be a(q). Calculate the highest common factor of z and 52.
13
Let y be -298*((-15)/6)/5. Suppose y = i + 28. What is the highest common divisor of 11 and i?
11
Suppose -w - 198 = -3*t + 2*w, 4*t - 269 = -w. Suppose h - t = 5. Suppose -o + 9 = -0*o. Calculate the greatest common divisor of o and h.
9
Suppose 38*a - 210 = 31*a. What is the highest common factor of 10 and a?
10
Let g(h) = -152*h - 6. Let m be g(3). Let d be (m/9)/1*-3. Let l = 5 - -9. Calculate the highest common divisor of l and d.
14
Suppose -2*n + 4*r = 3*n + 1, 5*n + 3 = 2*r. Let h be (n/(-2))/(-1)*-40. What is the greatest common divisor of h and 5?
5
Let h = -74 + 124. What is the highest common divisor of 10 and h?
10
Let n(u) = 7*u - 19. Let o be n(3). Suppose -i = -5*h - 5*i + 25, 5*i - 5 = -h. What is the highest common divisor of h and o?
1
Let f = -72 - -36. Let g = -16 - f. Calculate the highest common factor of g and 60.
20
Let m(f) = -f**2 + f - 2. Let d be m(2). Let p = 5 - d. Calculate the greatest common divisor of p and 72.
9
Let y be (-1 - 243)/((-2)/3). Let n be y/7 + 2/(-7). Suppose -3*m - 8 = -47. Calculate the highest common divisor of n and m.
13
Suppose -43 = 3*z - 148. Let s = -2 + 6. Suppose s*p = 3*t + 35, -3*p = 2*p - 4*t - 45. What is the highest common factor of z and p?
5
Suppose d - 16 = -5*n + 15, 3*d = 4*n + 17. Calculate the greatest common factor of d and 1.
1
Let m(k) = -k**2 - 20*k + 10. Suppose -43 = 4*i + 37. Let h be m(i). Let u(f) = 7*f**2 + 6*f + 2. Let x be u(-4). What is the highest common divisor of x and h?
10
Let o = 141 + 83. What is the highest common divisor of o and 32?
32
Let i be 0 + -1 + 0 + 9. Suppose -4*y + 5 = 1. Calculate the highest common divisor of y and i.
1
Let c(m) = 5*m + 3. Let l be c(-3). Let f be 12/(-10)*390/l. Calculate the greatest common factor of f and 26.
13
Suppose w + w = 22. Let c(z) = -z**2 + 10*z - 7. Let i be c(8). Let p be (-2)/(-6) - (-294)/i. What is the greatest common factor of p and w?
11
Suppose 3*p + 0*h + h - 58 = 0, -3*h + 102 = 5*p. Let t be (-2)/(-9) + 2390/p. What is the greatest common factor of 19 and t?
19
Let v = 71 + -61. Let s be (-1 + 3 - 1) + 79. Calculate the greatest common divisor of s and v.
10
Suppose -2*t - 3 = -5*t. Let y(w) = 97*w - 1. Let j be y(t). Calculate the greatest common factor of 12 and j.
12
Let r = 1 - -2. Suppose -p + 3*p = r*d - 44, 